ivided by 98.
40
Calculate the remainder when 3125457 is divided by 4.
1
Calculate the remainder when 60604 is divided by 3797.
3649
Calculate the remainder when 6985657 is divided by 28.
21
Calculate the remainder when 49506 is divided by 12137.
958
Calculate the remainder when 60980051 is divided by 4175.
1
What is the remainder when 4023112 is divided by 374?
368
What is the remainder when 46630195 is divided by 2325?
2320
Calculate the remainder when 2348230 is divided by 83.
77
What is the remainder when 10589408 is divided by 3529802?
2
What is the remainder when 2876064 is divided by 111?
54
Calculate the remainder when 20452 is divided by 10097.
258
Calculate the remainder when 19829443 is divided by 62.
45
Calculate the remainder when 23271963 is divided by 23271963.
0
What is the remainder when 170667798 is divided by 43?
24
What is the remainder when 494124 is divided by 164693?
45
What is the remainder when 1125830 is divided by 1591?
993
What is the remainder when 54203327 is divided by 10?
7
Calculate the remainder when 46954518 is divided by 43.
23
Calculate the remainder when 14011837 is divided by 191.
77
Calculate the remainder when 3441539 is divided by 66183.
23
Calculate the remainder when 2472 is divided by 2413.
59
What is the remainder when 12887715 is divided by 8518?
8499
What is the remainder when 12068688 is divided by 133?
2
What is the remainder when 35466 is divided by 17537?
392
Calculate the remainder when 15735480 is divided by 314709.
30
What is the remainder when 108322214 is divided by 465?
464
What is the remainder when 5391160 is divided by 41?
29
What is the remainder when 721317 is divided by 37937?
514
What is the remainder when 12609509 is divided by 68?
65
What is the remainder when 513880 is divided by 1053?
16
Calculate the remainder when 18522318 is divided by 2646040.
38
Calculate the remainder when 4899373 is divided by 467.
76
Calculate the remainder when 50968 is divided by 5797.
4592
What is the remainder when 75714261 is divided by 6?
3
What is the remainder when 58809423 is divided by 221?
218
What is the remainder when 4615668 is divided by 1182?
1140
What is the remainder when 6185998 is divided by 500?
498
What is the remainder when 7877749 is divided by 1575549?
4
What is the remainder when 17110171 is divided by 8555082?
7
Calculate the remainder when 10599594 is divided by 176.
170
What is the remainder when 79567462 is divided by 197929?
4
Calculate the remainder when 362284 is divided by 245.
174
What is the remainder when 48882885 is divided by 11384?
11373
What is the remainder when 2033573 is divided by 1016693?
187
What is the remainder when 89368 is divided by 656?
152
What is the remainder when 257452 is divided by 128663?
126
What is the remainder when 3920522 is divided by 51?
50
What is the remainder when 84773 is divided by 4357?
1990
What is the remainder when 7120306 is divided by 593358?
10
Calculate the remainder when 7130386 is divided by 8803.
8759
Calculate the remainder when 5139075 is divided by 2567.
2508
What is the remainder when 97020501 is divided by 216?
213
Calculate the remainder when 31731 is divided by 4540.
4491
What is the remainder when 141718 is divided by 70842?
34
What is the remainder when 2980872 is divided by 50?
22
What is the remainder when 387475 is divided by 96865?
15
Calculate the remainder when 19868420 is divided by 451554.
44
What is the remainder when 659172 is divided by 328931?
1310
What is the remainder when 227582 is divided by 5085?
3842
Calculate the remainder when 147924931 is divided by 611.
609
What is the remainder when 1786025 is divided by 58?
31
Calculate the remainder when 114586 is divided by 348.
94
Calculate the remainder when 34226 is divided by 3421.
16
Calculate the remainder when 2900873 is divided by 5568.
5513
Calculate the remainder when 300476354 is divided by 273.
269
Calculate the remainder when 703664 is divided by 8764.
2544
What is the remainder when 1922282 is divided by 160190?
2
What is the remainder when 378392 is divided by 42040?
32
Calculate the remainder when 73583305 is divided by 143.
81
What is the remainder when 47574 is divided by 2689?
1861
What is the remainder when 9527253 is divided by 3175737?
42
Calculate the remainder when 348386 is divided by 43520.
226
What is the remainder when 897934 is divided by 289?
11
Calculate the remainder when 58440 is divided by 28323.
1794
What is the remainder when 1116244 is divided by 33?
19
What is the remainder when 612419 is divided by 37509?
12275
Calculate the remainder when 369051 is divided by 4197.
3912
What is the remainder when 535179 is divided by 178192?
603
Calculate the remainder when 31658283 is divided by 1367.
1297
Calculate the remainder when 12512514 is divided by 2104.
26
What is the remainder when 1007480 is divided by 332207?
10859
What is the remainder when 16651 is divided by 519?
43
Calculate the remainder when 17330512 is divided by 1733051.
2
Calculate the remainder when 20275 is divided by 20193.
82
Calculate the remainder when 122038 is divided by 2649.
184
What is the remainder when 13413099 is divided by 4418?
51
What is the remainder when 159641 is divided by 506?
251
Calculate the remainder when 1193363 is divided by 1203.
1190
What is the remainder when 365954293 is divided by 4717?
4716
Calculate the remainder when 329540 is divided by 329353.
187
Calculate the remainder when 156457 is divided by 156442.
15
What is the remainder when 742957 is divided by 2359?
2231
Calculate the remainder when 483733 is divided by 595.
593
What is the remainder when 179492 is divided by 44?
16
Calculate the remainder when 14296384 is divided by 2732.
2560
What is the remainder when 1251528 is divided by 340?
328
What is the remainder when 1035482 is divided by 43134?
266
Calculate the remainder when 4723604 is divided by 6056.
5980
What is the remainder when 8284379 is divided by 76?
75
Calculate the remainder when 2819849 is divided by 19314.
5
Calculate the remainder when 4656271 is divided by 1225.
46
What is the remainder when 3646867 is divided by 5102?
4039
Calculate the remainder when 13071673 is divided by 154.
153
What is the remainder when 9126296 is divided by 1180?
176
What is the remainder when 468531 is divided by 230?
21
What is the remainder when 997650 is divided by 1378?
1356
Calculate the remainder when 22723 is divided by 988.
987
Calculate the remainder when 330005074 is divided by 4.
2
Calculate the remainder when 239625 is divided by 98.
15
Calculate the remainder when 5542188 is divided by 3760.
3708
What is the remainder when 10296211 is divided by 38?
35
What is the remainder when 78610 is divided by 4358?
166
What is the remainder when 1228358 is divided by 1341?
2
Calculate the remainder when 31038616 is divided by 1362.
1360
What is the remainder when 173588 is divided by 14360?
1268
What is the remainder when 34613747 is divided by 4326712?
51
Calculate the remainder when 200251 is divided by 407.
7
What is the remainder when 84074 is divided by 16810?
24
Calculate the remainder when 47825159 is divided by 7970857.
17
What is the remainder when 147188 is divided by 2886?
2
What is the remainder when 199684 is divided by 12353?
2036
Calculate the remainder when 1226886 is divided by 5153.
472
What is the remainder when 48672 is divided by 4055?
12
Calculate the remainder when 4078511 is divided by 5954.
21
Calculate the remainder when 198862 is divided by 3152.
286
What is the remainder when 14763119 is divided by 1024?
111
Calculate the remainder when 6764314 is divided by 3901.
3881
Calculate the remainder when 5227210 is divided by 1320.
10
Calculate the remainder when 196001 is divided by 3524.
2181
What is the remainder when 163010 is divided by 3020?
2950
Calculate the remainder when 61658875 is divided by 76.
75
What is the remainder when 1405117 is divided by 468360?
37
What is the remainder when 1042697 is divided by 94790?
7
Calculate the remainder when 157755 is divided by 608.
283
Calculate the remainder when 61753217 is divided by 163.
15
Calculate the remainder when 16915 is divided by 5548.
271
What is the remainder when 41211 is divided by 6846?
135
Calculate the remainder when 246983 is